2). Let t be r/(9/(-12)*2). Give f(t).
5
Suppose -2 = 4*y - 6*y. Let m(u) = -8*u**3 + u**2 - 3*u + 2. What is m(y)?
-8
Let d(g) be the first derivative of g**2 - 6*g - 45. Determine d(5).
4
Suppose -3*h + 38 = -5*m, h + 2*m + 2 + 0 = 0. Let v(x) = -3*x - 1. Give v(h).
-19
Let a be ((-8)/16)/(2/(-4)). Let m(j) = -j**2 - j - 1. Let w(d) = -d**2 + 2. Let y(c) = m(c) + w(c). Calculate y(a).
-2
Let y be ((-5)/(-4))/((-1)/8). Let u = y + 21. Suppose 2*g - u = -5. Let z(h) = -h**3 + 2*h**2 + h - 4. Give z(g).
-10
Let o(w) = w - 11. Let d(r) = 3. Let q(v) = 22*d(v) + 6*o(v). Let f(h) = -4*h - 35 - 2*h - 3*h. Let x be f(-4). Give q(x).
6
Let f = -5 + 40. Suppose -f*h = -38*h - 18. Let s(i) = 3*i**2 + 2*i + 1. Let q(c) = 4*c**2 + c + 1. Let a(v) = 2*q(v) - 3*s(v). What is a(h)?
-13
Let k(q) = q. Let s = 46 - 33. Suppose -4*r = 3*u - s, -u - 2*r + 3 = -0*u. What is k(u)?
7
Suppose -5 = n + 4*w, -3*n = 73*w - 70*w - 3. Let b(s) be the first derivative of 1/3*s**3 - n*s + 1 + 5/2*s**2 - 1/4*s**4. Give b(3).
-6
Let f(k) = k**3 + 15*k**2 + 15*k + 17. Let l be (-5*(-154)/(-55))/(-1 + 2). Give f(l).
3
Let p(w) = -w**3 + 6*w**2 - 3*w + 6. Let i be p(6). Let u = -11 - i. Let h(k) = 1 - u + 11*k + 4*k - 1. Calculate h(-1).
-16
Let b(h) = -11*h + 3 - 2 + 3*h - 1 + 1. Give b(3).
-23
Let q(g) be the second derivative of g**5/20 + 7*g**4/12 + 7*g**3/6 - 2*g**2 + 3*g + 11. What is q(-7)?
-53
Let p be 2/(-6) - (-1)/3. Let v(n) = -16*n**2 + 6*n + 20. Let k(i) = 3*i**2 - i - 4. Let q be (-36 + 3)*(4/(-6))/(-2). Let s(o) = q*k(o) - 2*v(o). Give s(p).
4
Let m be -7 + 3 - 21/(-3). Let p be ((4 - m) + 0)*-1. Let q(n) = 4*n**3 - n**2 + n + 1. Calculate q(p).
-5
Let i(f) = -3*f**3 + 7*f**2 - 11*f + 7. Let y(a) = 10*a**3 - 20*a**2 + 34*a - 20. Let w = -72 + 74. Let g(c) = w*y(c) + 7*i(c). Give g(8).
1
Let l(w) = w**2 + w - 2. Let x = 37 - 31. Suppose x*d = 23 - 11. What is l(d)?
4
Suppose -9*i + 105 = -4*i. Suppose 5*l + i = 1. Let g(r) = r**2 + 5*r. Determine g(l).
-4
Let c = -1098 + 1099. Let i(l) = -19*l + 5. Give i(c).
-14
Let y = -467 - -462. Let k(g) = g**3 + 5*g**2 - 3*g - 8. Give k(y).
7
Let n(o) = o**3 - 2*o**2 - 3*o + 3. Let q be n(3). Let w(m) = q - m - 1 - 8. Give w(0).
-6
Let n(c) = -7*c**2 + 567*c**3 + 2 - 568*c**3 + 15. Determine n(-7).
17
Let h(m) = -2*m**2 + 15*m**2 - 2*m + 1 + 3*m + 18*m**2. Determine h(-1).
31
Let y(m) = m**3 - 10*m**2 + 8*m + 6. Suppose 0 = 13*h + 98*h - 999. Give y(h).
-3
Let k(w) = 2*w**3 + 247*w**2 - 237*w**2 + 10*w - w**3. Give k(-9).
-9
Let r(h) = h + 8. Let y be r(18). Suppose 2*o + 2*m = y, 3*o + m - 23 = 8. Suppose -o = 2*w - 5. Let k(d) = -d**3 - 5*d**2 + 2. Calculate k(w).
-10
Let v(i) = 9*i**3 - 2*i**2 - i. Let b(m) = 6*m - 97. Let x be b(16). Calculate v(x).
-10
Let w(m) = m - 3. Let j(o) = -o**2 - 2*o + 3. Let h be (-34)/(-9) + (-2)/(-9). Suppose 2*k = 4*q + 4 + 12, 0 = -h*q - 2*k - 8. Let p be j(q). Give w(p).
-3
Let u(s) be the second derivative of s**5/20 - 7*s**4/12 + 5*s**3/3 - 15*s**2/2 - 2*s + 94. What is u(6)?
9
Let x(t) = -6*t + 37. Let u(v) = -5*v + 31. Let l(n) = 7*u(n) - 6*x(n). Give l(-5).
-10
Let q(u) be the first derivative of -u**2/2 + 5*u + 213. What is q(-11)?
16
Let u(l) = -60980*l**2 - 5*l + 1 - 3 - l**3 + 60974*l**2. What is u(-6)?
28
Let t(v) = -3*v + 3. Let x(l) = 1. Let p(w) = t(w) - 5*x(w). Let q(z) = 2*z + 27. Let o be q(-10). Suppose -o*u = -5*u + 4. Give p(u).
4
Let n = 53 - 51. Let i(v) = n*v**2 + 15*v + 21*v - 43*v - 4 - 3*v**2. Determine i(-7).
-4
Let l = -297 - -291. Let n(r) = 7*r - 1. What is n(l)?
-43
Let s(k) = k**3 - k**2 - 2*k - 1. Let c be s(-1). Let n = c - -5. Suppose -n*z + t + 2*t = 4, 2*t - 6 = z. Let p(j) = -2*j**2 + 2*j - 2. Calculate p(z).
-6
Let v(z) = -4*z**3 - 8*z**2 - 7*z + 8. Let j(o) = -7*o**3 - 15*o**2 - 13*o + 15. Let y(s) = 3*j(s) - 5*v(s). What is y(-5)?
25
Let f(q) be the first derivative of -q**3/3 - q**2/2 - 2*q - 22. Suppose -6 = -3*j - 0. Let m = j - 2. What is f(m)?
-2
Let x(m) = -m - 4 + 0*m + 2*m. Let t(z) = -z**2 - 10*z - 12. Suppose 6*c + 33 = -15. Let y be t(c). Give x(y).
0
Let h be -8*(-7 + 296/32). Let s(i) = -4*i - 63. Calculate s(h).
9
Let s(d) = 2*d + 1. Let t(w) = 5*w - 2 - 2*w + 3. Let n be 6 - 6 - (-1 - 0). Let g be t(n). Calculate s(g).
9
Suppose -f - 28 = -15*f. Let u(n) = n**3 - 2*n**2 + 2*n - 2. Calculate u(f).
2
Let w(p) be the second derivative of 9*p**5/20 + p**4/12 - p**3/6 + p**2/2 + 2*p. Let l(k) = k**3 - k**2 - k + 1. Let j be l(1). Let m = 1 + j. What is w(m)?
10
Let h(g) = -g**2 - g + 2. Suppose 3*b - 27 = 3*a, 0 = 3*b - 12 - 0. Let c be (0 + -6)*a/15. Determine h(c).
-4
Let j(l) = -5*l - 34. Let i(v) = -30*v - 208. Let k(r) = -2*i(r) + 13*j(r). Calculate k(-5).
-1
Let w(v) = -4*v**2 - 12*v - 28. Let o(l) = -l**2 - l - 3. Let m(b) = 3*o(b) - w(b). Determine m(-8).
11
Let p(l) = l + 10. Let m be p(-8). Let f(i) = 2 - 2 + i**m - i - 1. Let y be (-3 - -2) + 0 + 0. Calculate f(y).
1
Let p(h) = 2*h - 3*h**2 - 422*h**3 - 1 + 216*h**3 + 205*h**3. Determine p(-4).
7
Suppose -3*w + 0 - 1 = 4*v, 5*w = 2*v + 7. Let i be 2 - (1 + 4/v). Let f(d) = -d**2 + 1 + 3*d - 2 - i*d. Give f(-1).
0
Let n = -1379 + 1388. Let d(o) = o + 4. Determine d(n).
13
Suppose 1 = g + u - 1, -3*u = 2*g - 9. Let r(x) = x - 1. Let w(p) = 2*p - 8. Let l(a) = g*r(a) + w(a). Let s be (-2)/7 - (-26)/(-7). What is l(s)?
-1
Let j(o) be the first derivative of o**4/4 - o**2/2 + 107. What is j(0)?
0
Suppose -4 = -2*g - 4*w, 6*g - 4*g - 2*w = 10. Suppose 0 = 2*l - 4*a + 18, -4 = -g*l + 4*a - 6*a. Let t(i) = 14*i - 1. Calculate t(l).
-15
Let p(f) = f - 133 - 2*f**2 - 5*f + 0*f**2 + 3*f + 132. Suppose -d + 0*d = 1. Calculate p(d).
-2
Let m(w) be the second derivative of w**6/360 + w**5/40 - w**4/24 - 4*w**3/3 - 26*w. Let h(b) be the second derivative of m(b). Determine h(-4).
3
Let c(v) = v**3 - 2*v**2 - v - 1. Let k(r) = 3*r**3 - 7*r**2 - 3*r - 3. Let h(g) = -7*c(g) + 2*k(g). Let q(p) = p**2 - p. Let m be q(2). Give h(m).
-5
Let z(u) = 2*u + 1 + 0*u**2 - 6 - u**2. Suppose -10*o + 2*o = -16. Let l = 2 + o. Determine z(l).
-13
Let n(k) be the second derivative of k**4/4 + k**3/3 + k**2/2 + 111*k. Give n(-1).
2
Let s(i) = i**3 + 5*i**2 - 5*i - 3. Let t be (2 - -6) + -10 + -2. Determine s(t).
33
Let r(x) = -x - 4. Suppose 7*a + 32 = -a. Let g = a - -1. Determine r(g).
-1
Suppose -4*n + 86 = 82. Let z(p) = -p**3 - p**2 + 2*p - 1. Determine z(n).
-1
Suppose 58*s - 30*s = -32*s. Let r(c) = c**2 + 5. Determine r(s).
5
Let w(g) be the second derivative of 0 - 2*g + 5/2*g**2 + 2/3*g**3. Calculate w(4).
21
Let u(h) = h**2 + 4*h - 5. Let m be u(-5). Let o = 16 - 16. Suppose -2*j - j - 6 = m, o = 4*r - 5*j - 14. Let z(l) = -16*l**2 + 1. Calculate z(r).
-15
Let a(i) = 1 + 60*i - 12*i**2 - 29*i - 2 - 31*i. What is a(1)?
-13
Let f(t) be the first derivative of -t**2/2 - 7*t + 145. Give f(5).
-12
Let f(c) = 2*c + 2. Let s(n) = -n**2 + 5*n + 7. Let l(p) = -4*f(p) + 2*s(p). What is l(4)?
-18
Let k(l) = 34*l**2 - 110*l**2 + l**3 + 38*l**2 - 5*l + 3 + 39*l**2. Calculate k(-3).
0
Let i(q) be the second derivative of -3*q - 3/2*q**2 + 0 - 1/6*q**3. Let m(p) = p**3 + 4*p**2 + 3*p - 2. Let n be m(-3). Calculate i(n).
-1
Suppose -297*t = -290*t + 7. Let i(p) = 45*p. Determine i(t).
-45
Let a(u) = u**2 - 8*u + 15. Let d be a(6). Let s(w) = -5*w**3 - 3*w + 2*w**d + w**2 + 4*w - 2*w**3. Give s(-1).
5
Let r(d) = -d**3 - 3*d**2 + 11*d + 3. Let n be r(-5). Let u(c) = -4*c - 3. Let t(k) = -4*k - 4. Let x(v) = n*t(v) + 3*u(v). Determine x(1).
-5
Let x = 7 + -10. Let l = x - -8. Suppose -5 - 10 = -l*o. Let i(s) = s - 2. Calculate i(o).
1
Suppose 5*j = 23 + 12. Suppose 3*w - j + 13 = 0. Let i(r) = -r - 7. Let n(v) = 3*v + 13. Let l(x) = -7*i(x) - 4*n(x). What is l(w)?
7
Let s(f) = 28*f - 13*f + 10 - 18*f + 4*f. Give s(-7).
3
Let u(s) = -4*s**2 - 7*s + 1. Let j(v) = 3*v**2 + 6*v - 2. Let g(y) = -3*j(y) - 2*u(y). Suppose -5*m - 7 + 2 = 5*h, 2*m + 17 = 3*h. Give g(m).
4
Let m(q) = 3*q**2 - 3*q + 35. Let k(s) = -2*s**2 + s - 19. Let c(t) = -5*k(t) - 3*m(t). Give c(-7).
11
Let f(j) = -10*j**2 + 3*j - 1. Let d(t) = 9*t**2 - 4*t + 1. Let v(h) = -3*d(h) - 4*f(h). Suppose 0 - 2 = -2*r. What is v(r)?
14
Let h(a) = -2*a**2 - 3*a - 1. Suppose -12 = 6*r + 6. Let y(t) = 5*t + 13. Let p be y(r). What is h(p)?
-3
Let g = -80 + 84. Let